6793507 a composite number?
False
Is 53880725567 composite?
True
Is 155284439 prime?
False
Is 2433560891 composite?
True
Is 193785103649 prime?
True
Is 4685844329 composite?
True
Is 63523173023 a prime number?
False
Is 6073412386 a prime number?
False
Is 239202631 prime?
False
Is 3919414669 a composite number?
True
Is 57867953161 a prime number?
False
Is 174984777419 a composite number?
False
Is 220664257537 a prime number?
True
Is 18192052727 a prime number?
False
Is 51253837 prime?
True
Is 203260757 composite?
True
Is 6595038955 a prime number?
False
Is 16621434835 a composite number?
True
Is 9613128341 a composite number?
True
Is 54062662541 prime?
False
Is 37017718553 composite?
True
Is 15498028909 composite?
True
Is 19227007 prime?
True
Is 13514763083 composite?
False
Is 1830214069 composite?
True
Is 8927967409 a prime number?
True
Is 6003240743 a composite number?
True
Is 5599289506 a prime number?
False
Is 23465235517 composite?
True
Is 5745666233 prime?
True
Is 10033896331 prime?
False
Is 1652437843 composite?
True
Is 754433671 composite?
False
Is 51070302177 prime?
False
Is 52605142727 prime?
False
Is 11376401671 prime?
False
Is 29917913869 prime?
False
Is 30787047167 composite?
False
Is 35607159807 prime?
False
Is 7140137 prime?
False
Is 504967433 prime?
False
Is 24259440131 a prime number?
False
Is 3285187747 prime?
False
Is 28787135269 a prime number?
True
Is 16195931 a prime number?
True
Is 569623001 a composite number?
True
Is 425780219 a prime number?
False
Is 60693914 composite?
True
Is 1909477291 composite?
False
Is 3167660789 a composite number?
False
Is 329044399987 a prime number?
True
Is 137068303 a composite number?
False
Is 1287589607 composite?
True
Is 49300386127 composite?
True
Is 6776230495 prime?
False
Is 22015003223 a composite number?
False
Is 35560295843 a prime number?
True
Is 16639899653 a prime number?
False
Is 638480881 a prime number?
False
Is 481668973 prime?
False
Is 70992337051 prime?
False
Is 25715597003 a composite number?
True
Is 395818967 composite?
False
Is 8811124991 a prime number?
True
Is 4876944337 a prime number?
True
Is 3417319151 a composite number?
False
Is 1562254453 a composite number?
True
Is 19051168897 composite?
True
Is 965628581 a composite number?
True
Is 372404293 a prime number?
False
Is 66141193 prime?
True
Is 1221692033 a prime number?
True
Is 15305099 a composite number?
False
Is 25981796671 prime?
False
Is 700558387 composite?
False
Is 1263307897 a prime number?
True
Is 9956794801 a composite number?
False
Is 13375910059 a prime number?
True
Is 22878888503 composite?
False
Is 1495994429 prime?
False
Is 24864561871 composite?
True
Is 290926589 a composite number?
True
Is 4617108521 a prime number?
False
Is 1063776491 prime?
False
Is 5293217369 composite?
True
Is 233986321 a composite number?
False
Is 34984680947 composite?
False
Is 6969775133 prime?
True
Is 1317155689 composite?
True
Is 5286975269 a prime number?
False
Is 18694031 a prime number?
True
Is 110778053 prime?
False
Is 4869751093 prime?
True
Is 66871039 a prime number?
False
Is 143215859 a composite number?
False
Is 19517150351 composite?
False
Is 62730893 a prime number?
True
Is 4685191229 composite?
False
Is 110688111251 a composite number?
False
Is 9861415279 prime?
True
Is 14604919193 a prime number?
True
Is 1330933213 a prime number?
False
Is 192807337231 prime?
True
Is 12453914687 a composite number?
False
Is 8775472153 a prime number?
False
Is 2410415153 a prime number?
True
Is 283936381 prime?
True
Is 2980786537 composite?
False
Is 32483276589 a prime number?
False
Is 770010337 composite?
True
Is 17814197041 prime?
True
Is 48748244141 prime?
False
Is 3630572635 a prime number?
False
Is 898594337 prime?
False
Is 2093502637 a prime number?
True
Is 1368318697 composite?
False
Is 2194302247 composite?
True
Is 982374181 composite?
True
Is 25848606387 composite?
True
Is 3983742967 a composite number?
False
Is 2795166031 composite?
True
Is 6263222783 a composite number?
False
Is 23169036797 composite?
False
Is 7209517099 a composite number?
False
Is 123517913 a composite number?
False
Is 35537817769 a composite number?
True
Is 109725972067 a prime number?
True
Is 1549680349 a composite number?
True
Is 23560841027 prime?
True
Is 77987104919 composite?
False
Is 36162223079 a composite number?
True
Is 13566536657 composite?
True
Is 20356915543 prime?
True
Is 2824186921 composite?
False
Is 10552014985 composite?
True
Is 1842129407 a prime number?
True
Is 2008310699 a prime number?
False
Is 2608074551 prime?
False
Is 212609713 prime?
False
Is 1378595123 a composite number?
False
Is 26316451241 composite?
False
Is 4014668573 prime?
True
Is 867434629 composite?
True
Is 121122269407 prime?
True
Is 534914447 composite?
False
Is 1242106811 a composite number?
True
Is 193364543639 prime?
False
Is 15569589089 a prime number?
False
Is 20971621783 a prime number?
False
Is 3608958797 a composite number?
False
Is 16482289209 prime?
False
Is 935554283 a composite number?
True
Is 5916979 a prime number?
True
Is 9298136143 a composite number?
True
Is 1643704429 a composite number?
True
Is 3468058571 a composite number?
True
Is 1100858813 composite?
True
Is 484987567 composite?
True
Is 38277712337 a prime number?
True
Is 29081707637 composite?
True
Is 143577036431 a composite number?
False
Is 202008581 composite?
True
Is 117048502393 composite?
True
Is 876194797 prime?
False
Is 4021118291 a prime number?
False
Is 1006341541 prime?
False
Is 840324049 prime?
False
Is 77284541 a composite number?
False
Is 770397329 prime?
False
Is 6230107639 prime?
False
Is 7563693499 composite?
True
Is 5656749261 composite?
True
Is 6244338733 prime?
False
Is 56158048631 prime?
True
Is 63358289261 a prime number?
False
Is 2038479929 a prime number?
False
Is 1273567003 prime?
True
Is 2826542461 composite?
True
Is 230024215 a composite number?
True
Is 36866147 prime?
False
Is 5357166703 a prime number?
False
Is 120457105 prime?
False
Is 6724579081 a composite number?
True
Is 30712742659 prime?
False
Is 2896987771 prime?
True
Is 432938977 composite?
True
Is 5045557763 composite?
True
Is 435573249 a prime number?
False
Is 4282412309 composite?
True
Is 1805351809 a composite number?
False
Is 3413660791 prime?
False
Is 23382662357 a prime number?
False
Is 5993218987 a prime number?
False
Is 2586208207 a composite number?
True
Is 65654208457 a prime number?
True
Is 963936671 prime?
False
Is 2629174983 a prime number?
False
Is 31818316533 composite?
True
Is 21569628107 composite?
False
Is 21594295279 prime?
True
Is 2493894367 prime?
True
Is 76404520007 composite?
True
Is 912652982 a composite number?
True
Is 779220271 a prime number?
True
Is 5105378719 composite?
True
Is 173516767 a composite number?
False
Is 396286109 prime?
False
Is 89454649 a composite number?
False
Is 519530789 composite?
False
Is 178667143 prime?
False
Is 39092759 prime?
False
Is 43495691969 composite?
False
Is 10061923337 prime?
False
Is 4468543031 a composite number?
False
Is 29949416359 composite?
False
Is 31597470011 a composite number?
False
Is 3743472599 prime?
True
Is 1322793929 a prime number?
True
Is 68070673585 a composite number?
True
Is 3017747069 prime?
False
Is 13166123 a prime number?
True
Is 2950294339 a prime number?
True
Is 31090967 composite?
False
Is 294888570443 prime?
True
Is 3144204263 composite?
False
Is 1608864211 prime?
False
Is 653124961 a prime number?
False
Is 1942345607 composite?
True
Is 6596146226 a composite number?
True
Is 22515082687 a composite number?
False
Is 23286721529 composite?
True
Is 80401123879 a prime number?
False
Is 518713081 a composite number?
False
Is 918985997 prime?
False
Is 764573219 prime?
True
Is 29510276407 a composite number?
True
Is 244045717 a composite number?
False
Is 161089639 composite?
False
Is 7402450571 composite?
True
Is 12146429847 a composite number?
True
Is 2455345631 a composite number?
True
Is 17877752311 a composite number?
True
Is 2262954347 composite?
False
Is 946629779 prime?
False
Is 102352018121 composite?
False
Is 673956901 composite?
False
Is 41077986403 a prime number?
True
Is 28754970163 prime?
True
Is 9433506671 composite?
True
Is 64350024559 composite?
True
Is 33503488433 a composite number?
False
Is 3505